19?
False
Does 11 divide 143?
True
Does 45 divide 3949?
False
Is 3 a factor of 693?
True
Does 32 divide 992?
True
Is 9 a factor of 144?
True
Is 16 a factor of 136217?
False
Does 21 divide 258?
False
Does 12 divide 1985?
False
Is 90979 a multiple of 317?
True
Is 8916 a multiple of 6?
True
Is 9 a factor of 2885?
False
Is 918 a multiple of 18?
True
Does 90 divide 1504?
False
Is 721 a multiple of 17?
False
Is 13 a factor of 780?
True
Does 2 divide 43?
False
Is 39432 a multiple of 14?
False
Is 41 a factor of 20869?
True
Is 26 a factor of 156?
True
Does 12 divide 46380?
True
Does 21 divide 128?
False
Does 14 divide 7595?
False
Is 79 a factor of 9480?
True
Is 5 a factor of 640?
True
Is 18004 a multiple of 14?
True
Is 2404 a multiple of 60?
False
Is 26215 a multiple of 7?
True
Does 17 divide 9639?
True
Is 31 a factor of 1758?
False
Does 3 divide 468?
True
Is 30 a multiple of 6?
True
Is 806 a multiple of 31?
True
Does 7 divide 421?
False
Does 64 divide 1728?
True
Is 18871 a multiple of 151?
False
Is 3 a factor of 1190?
False
Does 9 divide 378?
True
Is 5724 a multiple of 318?
True
Is 11664 a multiple of 18?
True
Is 6693 a multiple of 69?
True
Is 9378 a multiple of 177?
False
Does 4 divide 1223?
False
Does 20 divide 2090?
False
Is 816 a multiple of 24?
True
Does 147 divide 28518?
True
Is 202 a multiple of 101?
True
Does 41 divide 902?
True
Is 869 a multiple of 40?
False
Does 15 divide 30150?
True
Does 125 divide 19750?
True
Does 7 divide 972?
False
Does 119 divide 357?
True
Is 90 a factor of 3420?
True
Is 11 a factor of 8805?
False
Is 148 a factor of 4144?
True
Is 9 a factor of 90?
True
Is 61 a factor of 200?
False
Does 64 divide 5376?
True
Does 18 divide 14567?
False
Is 22 a factor of 1672?
True
Is 158 a factor of 18170?
True
Is 12 a factor of 14244?
True
Is 65 a factor of 984?
False
Is 12 a factor of 6660?
True
Is 702 a multiple of 3?
True
Is 9 a factor of 483?
False
Does 51 divide 3041?
False
Is 35 a factor of 203?
False
Does 56 divide 784?
True
Does 14 divide 414?
False
Is 1348 a multiple of 10?
False
Does 40 divide 2040?
True
Is 75 a factor of 889?
False
Does 187 divide 50388?
False
Does 4 divide 323?
False
Does 11 divide 130?
False
Is 53 a factor of 33596?
False
Does 5 divide 7833?
False
Does 13 divide 14976?
True
Is 156 a multiple of 26?
True
Is 575 a multiple of 5?
True
Is 644 a multiple of 46?
True
Is 1311 a multiple of 34?
False
Is 9 a factor of 28451?
False
Is 60 a multiple of 60?
True
Does 3 divide 428?
False
Is 1222 a multiple of 25?
False
Does 22 divide 2530?
True
Does 84 divide 761?
False
Is 11 a factor of 1286?
False
Is 33525 a multiple of 225?
True
Is 4015 a multiple of 26?
False
Does 7 divide 3010?
True
Is 2 a factor of 602?
True
Is 40 a factor of 2894?
False
Does 58 divide 11484?
True
Does 28 divide 7560?
True
Is 13 a factor of 8731?
False
Is 22 a factor of 1749?
False
Is 1520 a multiple of 5?
True
Is 3722 a multiple of 98?
False
Does 254 divide 61662?
False
Is 34372 a multiple of 26?
True
Is 90125 a multiple of 125?
True
Does 119 divide 18525?
False
Is 11199 a multiple of 12?
False
Does 16 divide 138404?
False
Does 82 divide 25737?
False
Is 13 a factor of 13790?
False
Is 289 a multiple of 36?
False
Is 12376 a multiple of 14?
True
Is 2096 a multiple of 16?
True
Does 107 divide 2227?
False
Is 3682 a multiple of 14?
True
Is 2 a factor of 1003?
False
Does 113 divide 563?
False
Is 6720 a multiple of 32?
True
Does 2 divide 181?
False
Is 22 a factor of 14827?
False
Is 2666 a multiple of 36?
False
Is 14 a factor of 46?
False
Is 537 a multiple of 4?
False
Is 1357 a multiple of 23?
True
Does 13 divide 3757?
True
Is 32058 a multiple of 6?
True
Is 28905 a multiple of 235?
True
Is 52 a factor of 527?
False
Does 4 divide 284?
True
Is 2432 a multiple of 64?
True
Is 44 a factor of 2376?
True
Is 7 a factor of 152?
False
Is 1125 a multiple of 75?
True
Is 11346 a multiple of 46?
False
Is 8712 a multiple of 198?
True
Is 110 a factor of 2860?
True
Does 48 divide 1104?
True
Is 7665 a multiple of 9?
False
Is 2308 a multiple of 4?
True
Is 39900 a multiple of 76?
True
Is 16422 a multiple of 51?
True
Is 1634 a multiple of 19?
True
Is 79 even?
False
Does 28 divide 1624?
True
Is 39 a factor of 8034?
True
Is 14511 a multiple of 7?
True
Is 8 a factor of 512?
True
Is 17 a factor of 462?
False
Is 714 a multiple of 9?
False
Does 30 divide 4590?
True
Does 290 divide 3692?
False
Is 39 a factor of 1113?
False
Is 12177 a multiple of 9?
True
Is 50 a factor of 175750?
True
Does 5 divide 370?
True
Is 6409 even?
False
Is 10 a factor of 1817?
False
Is 1056 even?
True
Is 31 a factor of 5564?
False
Does 25 divide 3650?
True
Is 15 a factor of 1980?
True
Does 34 divide 8863?
False
Does 18 divide 2036?
False
Is 731 a multiple of 2?
False
Is 29 a factor of 609?
True
Is 67 a multiple of 3?
False
Does 11 divide 20691?
True
Is 245 a multiple of 23?
False
Does 17 divide 407?
False
Is 8756 a multiple of 11?
True
Is 45370 a multiple of 65?
True
Is 43 a factor of 9761?
True
Is 16087 a multiple of 98?
False
Does 37 divide 222?
True
Does 77 divide 13582?
False
Is 29460 a multiple of 12?
True
Is 46 a factor of 773?
False
Does 11 divide 25478?
False
Is 60 a factor of 2460?
True
Is 15 a factor of 450?
True
Is 7381 a multiple of 69?
False
Does 18 divide 813?
False
Is 1027 a multiple of 56?
False
Does 3 divide 279?
True
Is 67 a factor of 53131?
True
Does 2 divide 9019?
False
Does 16 divide 1856?
True
Is 6 a factor of 77?
False
Is 540 a multiple of 15?
True
Does 8 divide 1880?
True
Does 78 divide 10608?
True
Does 31 divide 86366?
True
Does 53 divide 5671?
True
Is 55 a factor of 880?
True
Is 7 a factor of 2009?
True
Is 15 a factor of 3255?
True
Is 2 a factor of 18646?
True
Is 55 a factor of 5280?
True
Does 4 divide 673?
False
Does 95 divide 26220?
True
Is 23 a factor of 1357?
True
Is 8475 a multiple of 113?
True
Is 26 a factor of 377?
False
Is 650 a multiple of 10?
True
Is 49 a factor of 52270?
False
Is 7174 a multiple of 53?
False
Is 18 a factor of 3565?
False
Is 3 a factor of 29744?
False
Does 60 divide 1424?
False
Does 50 divide 149?
False
Is 20629 a multiple of 7?
True
Does 8 divide 2691?
False
Is 117 a factor of 5265?
True
Does 68 divide 420?
False
Is 23 a factor of 44921?
False
Is 62020 a multiple of 14?
True
Does 13 divide 7461?
False
Does 136 divide 36176?
True
Does 64 divide 2620?
False
Does 7 divide 5376?
True
Does 24 divide 3716?
False
Is 41 a factor of 246?
True
Does 6 divide 1960?
False
Does 4 divide 1881?
False
Is 13636 a multiple of 46?
False
Does 369 divide 52029?
True
Does 16 divide 15884?
False
Does 37 divide 10138?
True
Is 55 a factor of 31947?
False
Is 7 a factor of 1908?
False
Is 130 a multiple of 26?
True
Is 18 a factor of 1190?
False
Is 9 a factor of 14979?
False
Does 248 divide 7856?
False
Does 186 divide 49310?
False
Is 32774 a multiple of 41?
False
Does 18 divide 3474?
True
Is 2707 a multiple of 12?
False
Is 187 a factor of 10323?
False
Does 131 divide 4190?
False
Does 13 divide 923?
True
Is 12 a factor of 16129?
False
Is 66876 a multiple of 6?
True
Is 139 a multiple of 34?
False
Does 34 divide 28856?
False
Is 22 a factor of 12305?
False
Does 8 divide 199?
False
Is 12 a factor of 684?
True
Is 2300 a multiple of 14?
False
Is 456 a multiple of 4?
True
Does 22 divide 12464?
False
Is 25 a factor of 90732?
False
Is 3221 a multiple of 15?
False
Is 11 a factor of 1188?
True
Is 23705 a multiple of 55?
True
Is 145 a factor of 16388?
False
Is 11 a factor of 12251?
False
Is 1528 a multiple of 8?
True
Is 3172 a multiple of 27?
False
Does 2 divide 4532?
True
Is 5 a factor of 23005?
True
Is 3354 a multiple of 26?
True
Does 25 divide 386?
False
Does 47 divide 4371?
True
Is 20646 a multiple of 3?
True
Is 276 a multiple of 23?
True
Is 35 a factor of 7987?
False
Does 24 divide 30?
False
Does 192 divide 14495?
False
Does 13 divide 741?
True
Is 34 a factor of 3162?
True
Is 21 a factor of 315?
True
Is 407 a multiple of 18?
False
Does 13 divide 1560?
True
Is 18 a factor of 354?
False
Does 62 divide 7998?
True
Is 13362 a multiple of 4?
False
Does 15 divide 549?
False
Is 75 a factor of 3150?
True
Is 20 a factor of 520?
True
Does 7 divide 1491?
True
Is 600 a multiple of 18?
False
Is 4734 a multiple of 145?
False
Is 10 a factor of 650?
True
Is 1040 a multiple of 52?
True
Is 25 a multiple of 1